00
In base 2, what is -11101110110100101 - 110010001?
-11101111100110110
In base 6, what is -11132242 + -21?
-11132303
In base 8, what is 33 + 235006?
235041
In base 16, what is -8 - 53ece5?
-53eced
In base 7, what is -1 + 263135635?
263135634
In base 2, what is 110110 - -10111101001100?
10111110000010
In base 16, what is 1 - 1c2a94?
-1c2a93
In base 11, what is -216a14 + 47?
-216978
In base 7, what is 5 - 20004422?
-20004414
In base 9, what is -228573 - 33?
-228616
In base 3, what is 2110 + -201120002?
-201110122
In base 10, what is -21 - 13689?
-13710
In base 16, what is 1 + -1e3f1e?
-1e3f1d
In base 14, what is -822734 + -c?
-822742
In base 2, what is 10011 - -10011110010001010000001100?
10011110010001010000011111
In base 3, what is -121111 + 1202100222?
1201202111
In base 2, what is 10111100101110001 + 101100?
10111100110011101
In base 5, what is -12 + 2014120131?
2014120114
In base 16, what is -196 - -182d?
1697
In base 6, what is 20020140 - -234?
20020414
In base 14, what is -239 - -63a?
401
In base 14, what is -46734d31 + 1?
-46734d30
In base 16, what is 8a919d + -5?
8a9198
In base 16, what is 109efb + 2?
109efd
In base 11, what is 21a9965 + -37?
21a9929
In base 5, what is -1044 - 1013043?
-1014142
In base 4, what is 110123131 - -2202?
110131333
In base 13, what is 4 - a8806a1?
-a88069a
In base 9, what is 81156 + -2873?
77173
In base 10, what is 455220 - -752?
455972
In base 9, what is -5 - -232767140?
232767134
In base 2, what is -10010011111000 - -111101011000010?
101010111001010
In base 13, what is -b - -52435cc?
52435c1
In base 13, what is -11 + 323367?
323356
In base 2, what is -100011101101010001111 - 1100?
-100011101101010011011
In base 5, what is -4424022224203 - 3?
-4424022224211
In base 2, what is 10011001001 - 1110110110?
100010011
In base 7, what is 365005153 + -2?
365005151
In base 4, what is 222331030 - -310210?
223301300
In base 15, what is -7 + -91b0587?
-91b058e
In base 11, what is -21765 - 33?
-21798
In base 2, what is -110011100 - -11001100010011?
11000101110111
In base 9, what is 238441 - -247?
238688
In base 4, what is -231333 + -11303?
-303302
In base 13, what is 2c4b7 - -4?
2c4bb
In base 2, what is -111110100011111010001 - 1001100?
-111110100100000011101
In base 12, what is -a773 + -48a?
-b041
In base 12, what is 133380 - -12?
133392
In base 15, what is 26 - -d4d09?
d4d30
In base 14, what is -438611 + 7d?
-438572
In base 13, what is 2167 - 7912?
-5778
In base 3, what is 1001022 - -221212012?
222220111
In base 12, what is 151abb9 - 14?
151aba5
In base 8, what is 62 - 111634704?
-111634622
In base 4, what is 11010002333020 - -2?
11010002333022
In base 14, what is -1494d41 + 4?
-1494d3b
In base 13, what is -3 - -7aa6bb?
7aa6b8
In base 11, what is 259960 + -13?
259948
In base 3, what is -20120201011 - 10210?
-20120211221
In base 9, what is -620 + -35624?
-36344
In base 2, what is 1010100010011 - -1110000010?
1100010010101
In base 15, what is -18b3 + -10ddc?
-127a0
In base 7, what is -1656542153 + -3?
-1656542156
In base 4, what is 1112301 - 20003313?
-12231012
In base 15, what is 51 + -385a?
-3809
In base 14, what is 56 - 31c7aa?
-31c754
In base 4, what is 11021 - 321322?
-310301
In base 4, what is 1130301311 - 121?
1130301130
In base 14, what is 44d + 9ad3?
a142
In base 7, what is -230564536 - 2?
-230564541
In base 16, what is 2d + 242e?
245b
In base 6, what is -1032 - 200011?
-201043
In base 8, what is -74 - 5720763?
-5721057
In base 4, what is -2133110 + -23311?
-2223021
In base 16, what is -17e - 10924?
-10aa2
In base 15, what is 13998 - 15?
13983
In base 10, what is -11 + -391429?
-391440
In base 11, what is a601128 - -25?
a601152
In base 9, what is 57828007 + -5?
57828002
In base 15, what is 8d7 + -5a3c8?
-599e1
In base 14, what is -b8374a + 4?
-b83746
In base 13, what is 164 + -82ca?
-8166
In base 16, what is 82b - -9065?
9890
In base 3, what is 10 + -12012222212222001?
-12012222212221221
In base 11, what is 874487 + -16?
874471
In base 2, what is 111100010011 - 11011101110011?
-10100001100000
In base 7, what is -4035 + -42341?
-46406
In base 9, what is 2 - 168728758?
-168728756
In base 12, what is -1a47b13 - -36?
-1a47a99
In base 12, what is 4 - -4305748?
4305750
In base 6, what is 32 + 50503531?
50504003
In base 2, what is -111110 - 1010000000100111000?
-1010000000101110110
In base 6, what is -1002 + 1124?
122
In base 12, what is -32b4 + -5a?
-3352
In base 2, what is 1110110 + 110110111110001000?
110110111111111110
In base 9, what is -18826 + -11451?
-31377
In base 3, what is -2011221221100 - 221?
-2011221222021
In base 6, what is -2014020 - -145022?
-1424554
In base 3, what is -1022 + 1122121010111?
1122121002012
In base 13, what is -6 - -3192906?
3192900
In base 12, what is 3b670 - 1ab2?
3977a
In base 9, what is -11411 - -62318?
50807
In base 5, what is -230113441 - -14?
-230113422
In base 7, what is 210065554 - 0?
210065554
In base 14, what is 18a + 45c81?
4602b
In base 7, what is 22 - -4660641?
4660663
In base 10, what is 5502 - -61?
5563
In base 15, what is 15b7c - 1292?
148da
In base 15, what is 2a3b + b3d0?
de1b
In base 6, what is 10530 + -4341?
2145
In base 9, what is 720 + -171865?
-171145
In base 13, what is -9445c06a + -2?
-9445c06c
In base 4, what is -12132210113103 + -2?
-12132210113111
In base 4, what is -3 + 2012132121003?
2012132121000
In base 4, what is 22122 - -1231232001?
1231320123
In base 5, what is 2 + -200411140?
-200411133
In base 11, what is -203 - -80a97?
80894
In base 9, what is -1542 + 1610635?
1608083
In base 10, what is -417316 + -22?
-417338
In base 3, what is 10122220 + 210102112?
221002102
In base 14, what is -5 + 207dc94?
207dc8d
In base 4, what is 1120200122111 + -121?
1120200121330
In base 15, what is 8c2d77 - -c?
8c2d84
In base 3, what is -201021002220111020 - 20?
-201021002220111110
In base 14, what is 1754a6 + 67?
17552d
In base 14, what is 4 - 443724a?
-4437246
In base 3, what is 211 + -120111211220?
-120111211002
In base 8, what is -2750 - 21236?
-24206
In base 9, what is 57485646 + 1?
57485647
In base 5, what is -10 + -12331232340?
-12331232400
In base 9, what is -1866288 - 47?
-1866346
In base 16, what is -c0839 + 17?
-c0822
In base 2, what is -1010 + -1010001010000010111011001?
-1010001010000010111100011
In base 2, what is -11001001 + -10001101001000001011?
-10001101001011010100
In base 10, what is -8880275 - 1?
-8880276
In base 10, what is -629862 + -42?
-629904
In base 16, what is -3555 - -96e?
-2be7
In base 11, what is -1 + 5038907?
5038906
In base 11, what is 16633508 - -1?
16633509
In base 15, what is 1a1c28 + 7?
1a1c30
In base 12, what is 79 + 624128?
6241a5
In base 9, what is -3 - 3032058?
-3032062
In base 15, what is -2906e2 - -5d?
-290684
In base 4, what is -120 + -101131332123?
-101131332303
In base 15, what is 1cb9b7 - -20?
1cb9d7
In base 11, what is 72585 + 1365?
7393a
In base 14, what is -740b - 1cd5?
-9302
In base 11, what is 130a + -26887?
-25578
In base 14, what is -1a0c0 - -933?
-1958b
In base 6, what is 55 - -5344230?
5344325
In base 5, what is -3 - 404413230?
-404413233
In base 9, what is -4 + 113831420?
113831415
In base 12, what is 4 + 5bb672?
5bb676
In base 5, what is -21440 + 341320?
314330
In base 5, what is -3120123114 - -11?
-3120123103
In base 7, what is 636523 + -1236?
635254
In base 5, what is -232103242144 + 3?
-232103242141
In base 5, what is 10201402 - 102032?
10044320
In base 9, what is 1 + -148132354?
-148132353
In base 15, what is -bc - -1097?
eca
In base 10, what is -3 - 45018128?
-45018131
In base 2, what is 1000000100000001 + 1110100111100?
1001111000111101
In base 2, what is -1110011001001100 - 10100?
-1110011001100000
In base 15, what is 8 + 4d6c01?
4d6c09
In base 14, what is 1b072abc + 2?
1b072ac0
In base 11, what is 3881a34 + 4?
3881a38
In base 11, what is 132a3275 - 4?
132a3271
In base 9, what is -170615 + -30?
-170645
In base 16, what is 3147afca + 4?
3147afce
In base 4, what is 1 - -3211302?
3211303
In base 8, what is 5 - -2630136?
2630143
In base 5, what is 310344 - 1404014?
-1043120
In base 2, what is -110111100101011010 - -1110?
-110111100101001100
In base 12, what is -434140 + 7?
-434135
In base 4, what is -121322031 - 10?
-121322101
In base 13, what is b1a - -ac47?
ba64
In base 10, what is 2 - 17780760?
-17780758
